NOAA-Style Climate Reports


Report for 2016 December
                  MONTHLY CLIMATOLOGICAL SUMMARY FOR 12/2016
                                        HEAT  COOL        
     MEAN                               DEG   DEG       WIND SPEED       DOM MEAN  MEAN
DAY  TEMP  HIGH   TIME     LOW   TIME   DAYS  DAYS RAIN AVG  HI  TIME    DIR BAROM HUM
---------------------------------------------------------------------------------------
1    34.8  40.7  11:00am  31.0  10:42pm   30    0  0.46   2  30  11:57am WNW 29.52   97
2    30.5  34.2  12:45pm  26.5  11:19pm   34    0  0.08   2  25   7:09pm WNW 29.67   98
3    25.3  27.5  10:45am  21.1  11:51pm   40    0  0.00   2  26   1:43am  NW 29.91   97
4    18.3  22.1  11:07am   7.4  11:01pm   47    0  0.00   1  18   1:00am  NW 30.20   95
5    20.6  25.4   6:35pm   7.7  12:10am   44    0  0.00   1  24  10:48pm  NW 30.00   95
6    22.4  26.7   1:13pm  17.0   8:35pm   43    0  0.04   0  18  12:00am  NW 30.08   96
7    26.7  29.4   3:31pm  22.5  12:00am   38    0  0.00   0  12  12:49am   S 29.94   98
8    24.3  29.1   9:59am  20.2  11:52pm   41    0  0.01   1  26  10:34pm   W 29.81   96
9    14.2  20.2  12:00am   7.3  11:53pm   51    0  0.00   5  32   6:51pm  NW 29.97   94
10    6.1  11.5   1:24pm  -2.2  11:35pm   59    0  0.00   0  23   4:10am  NW 30.33   91
11    8.6  18.6   2:13pm  -3.3   6:36am   56    0  0.00   0  23  11:53pm SSE 30.45   91
12   22.4  27.4   6:58pm  15.0  12:06am   43    0  0.00   2  30  11:14pm SSE 29.84   96
13   21.9  27.2  12:48pm  17.3   5:10am   43    0  0.00   2  31  12:45am  NW 29.99   95
14   17.7  24.0   1:33am   9.5  11:15pm   47    0  0.00   1  23  10:25am  NW 29.84   91
15    2.3  12.5   2:12am -13.2  11:58pm   62    0  0.00   6  44   8:06pm  NW 29.72   86
16   -9.0   4.7  11:58pm -17.5   7:48am   74    0  0.00   3  30   3:44am  NW 30.32   82
17   13.6  26.7  11:58pm   4.0  12:28am   51    0  0.00   1  26   1:29pm SSE 30.04   93
18   25.6  40.5  11:01am   0.8  11:57pm   39    0  0.13   5  42   9:45pm  NW 29.84   97
19   -2.4   9.0   3:10pm -12.5   7:56am   67    0  0.00   0  30  12:02am  NW 30.72   87
20   10.0  18.2   1:05pm  -1.9  12:56am   55    0  0.00   1  42   4:20pm SSW 30.40   83
21   24.3  30.0   1:33pm  17.7  12:00am   41    0  0.00   1  28   1:51pm WSW 30.02   83
22   24.9  27.6  12:13pm  22.6   6:17am   40    0  0.00   1 103   5:16pm  NW 29.98   95
23   26.4  33.5   2:03pm  22.4   5:37am   39    0  0.03   1 138   8:39am WSW 30.22   91
24   28.4  33.4  10:06am  23.6   1:24am   37    0  0.01   2  35   4:43pm WNW 30.06   89
25   17.9  29.2  12:36am   1.0  11:59pm   47    0  0.00   3  55   9:52am  NW 30.49   79
26   14.3  30.4  11:35pm  -2.1   3:08am   51    0  0.00   2  34   2:12pm   S 30.52   78
27   31.8  38.9   3:58am  24.0  11:01pm   33    0  0.05   4  41   7:22am   W 29.71   90
28   18.3  24.4  12:00am   5.8  10:06pm   47    0  0.00   1  62   7:40am  NW 30.01   92
29   20.4  25.5   7:28pm  11.8  12:00am   45    0  0.00   2  28  10:28am SSE 29.78   94
30   18.4  24.4   3:24am   6.3  11:52pm   47    0  0.00   4 107   6:38pm  NW 29.43   95
31   12.8  23.6  11:52pm  -2.7   6:47am   52    0  0.00   1  28   6:32pm SSE 29.93   93
---------------------------------------------------------------------------------------
TOT  18.4  40.7  12/1/16 -17.5 12/16/16 1443    0  0.81   2  96 12/30/16  NW 30.02   91

HEAT BASE: 65.0
COOL BASE: 65.0