NOAA-Style Climate Reports


Report for 2017 January
                  MONTHLY CLIMATOLOGICAL SUMMARY FOR 1/2017
                                        HEAT  COOL        
     MEAN                               DEG   DEG       WIND SPEED       DOM MEAN  MEAN
DAY  TEMP  HIGH   TIME     LOW   TIME   DAYS  DAYS RAIN AVG  HI  TIME    DIR BAROM HUM
---------------------------------------------------------------------------------------
1    21.9  27.2   6:04am   9.9  11:32pm   43    0  0.00   2  35   2:37pm WNW 30.06   95
2    18.8  31.5   2:08pm   8.6   2:30am   46    0  0.20   0  11   8:31pm SSE 30.51   93
3    27.4  29.9   1:59pm  20.4  12:00am   37    0  0.00   2  47   9:03am SSE 30.01   96
4    27.7  32.0   1:38pm  16.3  11:40pm   37    0  0.00   0   0  12:00am   N 29.36   97
5    13.4  16.6  12:00am  10.9   6:08am   52    0  0.00   1 106   3:17pm   W 29.70   92
6     7.8  16.6   1:16pm  -4.1  11:50pm   57    0  0.00   0  22   1:16pm  NW 30.06   89
7     3.2  13.5   2:26pm  -6.1   7:51am   62    0  0.00   0  12   1:19pm   N 30.31   88
8    -0.7   6.8   1:02pm  -7.4   5:13am   66    0  0.00   1  32   3:54pm  NW 30.26   84
9    -2.0   5.0   7:56pm -14.7   7:25am   67    0  0.00   0  23  12:48am  NW 30.61   85
10   12.5  28.7  11:54pm  -2.4   6:04am   53    0  0.00   4  41   9:49pm SSE 30.47   87
11   33.8  41.4   2:31pm  28.7  12:00am   31    0  0.18   5  97   5:49am  SW 30.06   83
12   40.4  45.0   2:54pm  34.9   5:42am   24    0  0.68   4  77  10:00am  SW 29.87   95
13   17.5  35.9  12:00am   0.1  11:59pm   47    0  0.00   6  59   1:30pm  NW 30.35   86
14    3.3  12.8  11:53pm -10.2   7:39am   62    0  0.00   0  18  12:24am WSW 30.57   76
15   11.3  15.8  12:39pm   1.8  11:25pm   54    0  0.00   3  30   4:43am  NW 30.33   87
16   16.1  30.7   2:17pm   0.1   4:45am   49    0  0.01   1  17  11:23am  SW 30.33   77
17   25.2  30.1  12:21pm  20.4   6:54am   40    0  0.01   1  25   7:45pm SSE 30.17   81
18   25.0  27.2   2:04pm  23.4   6:17am   40    0  0.00   2  23   1:04am SSE 29.99   96
19   26.9  29.0  10:28am  24.6  12:43am   38    0  0.00   1  24  12:18pm  NW 29.98   97
20   25.2  27.4   1:44pm  23.8   6:55am   40    0  0.00   0  14   8:28pm SSW 29.95   97
21   31.2  35.0   1:26pm  25.8  12:00am   34    0  0.23   0  28   7:53pm  NW 29.79   98
22   31.4  33.9   2:29pm  27.7  11:52pm   34    0  0.09   0  24   4:42am  SE 29.83   99
23   23.1  27.7  12:00am  19.9   7:53pm   42    0  0.01   1  18   2:38am  SE 30.00   95
24   26.8  29.6  12:08pm  20.5  12:00am   38    0  0.00   0  25   4:17am ESE 29.60   96
25   22.4  26.6  11:54pm  19.7   5:33am   43    0  0.00   0   0  12:00am   N 29.51   96
26   28.9  34.3  12:28pm  23.3   9:20pm   36    0  0.01   3  48   9:44pm WNW 29.27   98
27   23.3  25.3   3:04am  19.2  11:53pm   42    0  0.00   5 138   5:22am WNW 29.32   96
28   21.0  23.6   1:36pm  18.7   4:12am   44    0  0.00   3  38  10:39am WNW 29.47   96
29   21.1  26.5  12:35pm  16.1  11:51pm   44    0  0.00   2  26  11:27am WSW 29.59   95
30    9.5  16.2  12:00am   0.6  11:55pm   55    0  0.00   0  16   2:11pm  NW 29.77   91
31    5.7  17.6   2:45pm -10.6   7:37am   59    0  0.00   0  17   1:50pm  NW 29.92   87
---------------------------------------------------------------------------------------
TOT  19.3  45.0  1/12/17 -14.7   1/9/17 1415    0  1.42   2  68  1/12/17  NW 29.97   91

HEAT BASE: 65.0
COOL BASE: 65.0