NOAA-Style Climate Reports


Report for 2017 March
                  MONTHLY CLIMATOLOGICAL SUMMARY FOR 3/2017
                                        HEAT  COOL        
     MEAN                               DEG   DEG       WIND SPEED       DOM MEAN  MEAN
DAY  TEMP  HIGH   TIME     LOW   TIME   DAYS  DAYS RAIN AVG  HI  TIME    DIR BAROM HUM
---------------------------------------------------------------------------------------
1    41.9  46.8   6:08pm  36.2  12:00am   23    0  0.44   1  52   6:17am SSE 29.49   98
2    19.6  42.0  12:00am   6.7  11:53pm   45    0  0.00   7  68   2:27pm  NW 29.53   88
3     6.3  16.6   2:39pm  -3.3  11:59pm   56    0  0.01   4  35   7:58pm  NW 30.18   79
4    -4.5  -0.4   2:35pm  -6.3  11:56pm   70    0  0.00   9  36   9:57am  NW 30.46   78
5     1.7  14.8   3:23pm  -8.6   4:56am   63    0  0.00   3  30   4:38am NNW 30.63   65
6    18.6  35.5   2:33pm  -5.5   6:48am   46    0  0.04   0  13   9:29pm SSE 30.50   51
7    28.8  35.3  11:59pm  24.2   2:13am   36    0  0.04   2  30   5:24am SSE 30.18   88
8    34.3  43.6   3:02pm  29.7  11:55pm   30    0  0.36   2  36   4:23pm WSW 29.79   92
9    21.1  31.3   1:31am  15.7  11:34pm   44    0  0.00   5  44   2:01am WNW 29.82   89
10   12.1  21.1  11:41am   0.2  11:58pm   53    0  0.00   1  29  10:57pm  NW 29.86   88
11   -8.2   0.1  12:00am -15.5   6:52am   73    0  0.00  10  43   3:39pm  NW 30.06   82
12   -2.1   6.0   3:09pm  -9.3   5:11am   64    0  0.00  10  36   9:13am  NW 30.25   79
13    4.5  16.2   3:34pm  -6.0   7:20am   61    0  0.00   1  23   3:35am  NW 30.45   73
14   12.9  17.6   3:51pm   4.5  12:21am   52    0  0.00   3  48  10:01pm ENE 29.90   85
15   11.3  14.4   3:40pm   7.9   4:31am   53    0  0.00   3  34   5:05pm  NW 29.35   92
16    9.3  13.4   2:19pm   5.2   6:17am   56    0  0.00   5  32   3:14am  NW 29.79   91
17   12.4  22.0   3:59pm   0.6  11:55pm   53    0  0.00   1  26  12:55pm  NW 30.15   92
18   13.8  30.1   4:50pm  -5.3   7:03am   51    0  0.10   0  16   5:34pm  SE 30.33   87
19   19.9  36.0   3:31pm   1.2   6:56am   45    0  0.00   0  17   5:55pm NNE 30.30   76
20   29.0  40.9   4:15pm  16.8   7:15am   36    0  0.01   0  18   5:15pm NNE 30.08   59
21   29.6  34.4  10:26am  24.6  11:22pm   35    0  0.01   0  26   4:09am  NW 29.84   87
22    9.4  27.8   2:58am   2.1   8:17pm   56    0  0.00   7  53   6:38pm  NW 30.05   86
23   10.6  22.7   4:18pm  -0.4   6:37am   54    0  0.01   2  34   4:50pm  NW 30.48   62
24   20.9  28.0  11:09pm   9.3  12:03am   44    0  0.00   0  19  11:52am   S 30.25   82
25   25.7  31.9   5:12pm  17.0  11:03pm   39    0  0.18   1  16   1:19am   N 30.28   91
26   23.3  37.7   2:18pm   2.8   5:54am   42    0  0.21   2  18   1:01pm SSW 30.46   68
27   29.1  31.7   5:15pm  25.0   3:50am   36    0  0.30   1  23  12:43am SSE 30.09   97
28   35.8  45.9   2:15pm  29.8  11:59pm   29    0  0.07   1  22   9:27pm SSW 29.94   97
29   28.5  31.4   2:48pm  25.7  11:58pm   37    0  0.00   2  28   4:40pm NNW 30.09   91
30   28.7  38.4   3:25pm  19.4   6:46am   36    0  0.01   1  26   4:42am   N 30.20   67
31   27.7  32.6   1:21pm  25.5   6:05am   37    0  0.00   0  16  11:59am  SE 30.09   80
---------------------------------------------------------------------------------------
TOT  17.8  46.8   3/1/17 -15.5  3/11/17 1456    0  1.79   3  52  3/22/17  NW 30.09   82

HEAT BASE: 65.0
COOL BASE: 65.0